59?
8
What is the millions digit of 3324406837?
4
What is the units digit of 228598075?
5
What is the hundred thousands digit of 173779539?
7
What is the hundred millions digit of 479954039?
4
What is the hundred thousands digit of 74502839?
5
What is the units digit of 100902893?
3
What is the ten thousands digit of 443483760?
8
What is the hundred thousands digit of 118849739?
8
What is the hundred thousands digit of 404921327?
9
What is the units digit of 229579957?
7
What is the hundred millions digit of 585503827?
5
What is the hundred thousands digit of 263142235?
1
What is the hundred millions digit of 183394035?
1
What is the hundreds digit of 60991092?
0
What is the ten thousands digit of 426244068?
4
What is the ten thousands digit of 859210671?
1
What is the hundred thousands digit of 61800206?
8
What is the ten millions digit of 28326875?
2
What is the ten thousands digit of 66518734?
1
What is the tens digit of 28258833?
3
What is the ten millions digit of 91198680?
9
What is the ten millions digit of 534975393?
3
What is the thousands digit of 376739516?
9
What is the hundreds digit of 62980648?
6
What is the ten millions digit of 61186591?
6
What is the ten millions digit of 167129049?
6
What is the hundred millions digit of 240167631?
2
What is the units digit of 208149389?
9
What is the ten millions digit of 334196572?
3
What is the thousands digit of 37382774?
2
What is the tens digit of 57326882?
8
What is the hundred thousands digit of 71291057?
2
What is the hundred thousands digit of 20487577?
4
What is the thousands digit of 70278989?
8
What is the tens digit of 956678155?
5
What is the hundred thousands digit of 95339019?
3
What is the tens digit of 116580631?
3
What is the tens digit of 176647474?
7
What is the thousands digit of 50455201?
5
What is the ten millions digit of 920878786?
2
What is the hundreds digit of 33353330?
3
What is the millions digit of 816845549?
6
What is the units digit of 698549724?
4
What is the thousands digit of 408577423?
7
What is the hundreds digit of 2423167949?
9
What is the millions digit of 90729037?
0
What is the millions digit of 876129957?
6
What is the thousands digit of 248923125?
3
What is the ten millions digit of 146234856?
4
What is the millions digit of 4908748133?
8
What is the hundreds digit of 323338548?
5
What is the hundred millions digit of 391747696?
3
What is the thousands digit of 3246691777?
1
What is the hundred millions digit of 315735082?
3
What is the thousands digit of 25362691?
2
What is the units digit of 140427931?
1
What is the units digit of 22779788?
8
What is the ten millions digit of 143078625?
4
What is the hundred thousands digit of 40898576?
8
What is the hundred millions digit of 4459904341?
4
What is the thousands digit of 321097063?
7
What is the hundred millions digit of 202413182?
2
What is the ten millions digit of 49357588?
4
What is the ten millions digit of 89564848?
8
What is the units digit of 4033482?
2
What is the millions digit of 111537572?
1
What is the millions digit of 2914473158?
4
What is the billions digit of 1738053517?
1
What is the hundred millions digit of 1848436618?
8
What is the ten millions digit of 440397850?
4
What is the ten millions digit of 3393359246?
9
What is the thousands digit of 154321421?
1
What is the thousands digit of 539773683?
3
What is the ten millions digit of 861760614?
6
What is the tens digit of 33172427?
2
What is the ten thousands digit of 7957185?
5
What is the ten thousands digit of 542521359?
2
What is the units digit of 5736403805?
5
What is the ten thousands digit of 9477251?
7
What is the ten thousands digit of 853998386?
9
What is the ten thousands digit of 872246687?
4
What is the hundred thousands digit of 326516232?
5
What is the millions digit of 566305952?
6
What is the hundreds digit of 163362353?
3
What is the units digit of 102394862?
2
What is the hundreds digit of 2616758281?
2
What is the ten millions digit of 76474666?
7
What is the hundred thousands digit of 320932683?
9
What is the millions digit of 298816538?
8
What is the hundred millions digit of 437002860?
4
What is the hundred thousands digit of 265516281?
5
What is the millions digit of 563789682?
3
What is the hundreds digit of 342997664?
6
What is the units digit of 605203361?
1
What is the units digit of 968344854?
4
What is the ten millions digit of 64242514?
6
What is the thousands digit of 2490803813?
3
What is the thousands digit of 758088058?
8
What is the hundred millions digit of 239848164?
2
What is the units digit of 4623230?
0
What is the hundreds digit of 6253480206?
2
What is the units digit of 90266810?
0
What is the hundreds digit of 5006217523?
5
What is the ten millions digit of 90365426?
9
What is the hundreds digit of 4776411550?
5
What is the thousands digit of 108799698?
9
What is the ten millions digit of 87321804?
8
What is the hundred millions digit of 209283578?
2
What is the thousands digit of 591417990?
7
What is the units digit of 24236404?
4
What is the units digit of 199090480?
0
What is the hundred thousands digit of 142750262?
7
What is the units digit of 266592548?
8
What is the ten thousands digit of 118214682?
1
What is the ten thousands digit of 12534636?
3
What is the tens digit of 92263331?
3
What is the thousands digit of 72267478?
7
What is the hundreds digit of 986519604?
6
What is the hundred thousands digit of 988798219?
7
What is the ten thousands digit of 3653613?
5
What is the ten thousands digit of 232800030?
0
What is the thousands digit of 703253304?
3
What is the tens digit of 3117794854?
5
What is the hundred millions digit of 217263260?
2
What is the hundred thousands digit of 3544536793?
5
What is the hundreds digit of 209113173?
1
What is the hundred thousands digit of 19128916?
1
What is the ten thousands digit of 68252589?
5
What is the ten millions digit of 57265483?
5
What is the units digit of 878596414?
4
What is the tens digit of 6453715900?
0
What is the units digit of 196028781?
1
What is the hundred thousands digit of 119300272?
3
What is the millions digit of 274460520?
4
What is the millions digit of 644662173?
4
What is the hundred millions digit of 1337285645?
3
What is the hundred millions digit of 107712665?
1
What is the units digit of 434355008?
8
What is the tens digit of 911877597?
9
What is the thousands digit of 887160749?
0
What is the hundreds digit of 786108621?
6
What is the hundred millions digit of 2119205910?
1
What is the hundred thousands digit of 12085076?
0
What is the millions digit of 4592674338?
2
What is the units digit of 290802260?
0
What is the ten thousands digit of 223345524?
4
What is the units digit of 2300166516?
6
What is the ten millions digit of 130853497?
3
What is the ten thousands digit of 482619713?
1
What is the hundreds digit of 71082230?
2
What is the units digit of 850859310?
0
What is the hundreds digit of 1219562415?
4
What is the hundreds digit of 8992571?
5
What is the ten thousands digit of 713662531?
6
What is the ten millions digit of 191163321?
9
What is the ten millions digit of 1647126326?
4
What is the hundred millions digit of 272605576?
2
What is the ten thousands digit of 1741244639?
4
What is the tens digit of 144975982?
8
What is the millions digit of 170071597?
0
What is the thousands digit of 461664902?
4
What is the tens digit of 401492646?
4
What is the ten millions digit of 221393365?
2
What is the tens digit of 472712858?
5
What is the ten millions digit of 2412514132?
1
What is the hundred thousands digit of 428881351?
8
What is the thousands digit of 104908222?
8
What is the millions digit of 71106705?
1
What is the millions digit of 224413779?
4
What is the tens digit of 107459?
5
What is the units digit of 431090552?
2
What is the thousands digit of 111625117?
5
What is the ten millions digit of 52006467?
5
What is the units digit of 44241446?
6
What is the hundred millions digit of 156213940?
1
What is the hundreds digit of 265383868?
8
What is the units digit of 1675112128?
8
What is the tens digit of 48358538?
3
What is the hundred thousands digit of 500953936?
9
What is the hundreds digit of 82027253?
2
What is the tens digit of 3834029401?
0
What is the billions digit of 124